{"id":441,"date":"2018-06-19T11:35:11","date_gmt":"2018-06-19T08:35:11","guid":{"rendered":"http:\/\/www.operaatiotutkimus.fi\/?page_id=441"},"modified":"2025-11-14T16:49:00","modified_gmt":"2025-11-14T14:49:00","slug":"yhteystiedot","status":"publish","type":"page","link":"https:\/\/www.operaatiotutkimus.fi\/index.php\/yhteystiedot\/","title":{"rendered":"Yhteystiedot"},"content":{"rendered":"<h3>Yhteystiedot<\/h3>\n<div class=\"row\">\n<div class=\"four columns\">Suomen Operaatiotutkimusseura ry<br \/>Jokiniementie 48 B 96<br \/>00650 Helsinki<br \/>Finland<\/div>\n<div>\n<div class=\"row\">\n<div class=\"four columns\" style=\"text-align: left;\"><a href=\"https:\/\/www.facebook.com\/operaatiotutkimus\/\"><i class=\"fa fa-facebook-square fa-4x \" ><\/i><\/a><a href=\"https:\/\/www.linkedin.com\/groups\/2767157\"><i class=\"fa fa-linkedin-square fa-4x \" ><\/i><\/a><\/div>\n<div>\u00a0<\/div>\n<\/div>\n<\/div>\n<\/div>\n\n\n<p><\/p>\n\n\n\n<p><strong>Seuran Sihteerin<\/strong> tavoitat s\u00e4hk\u00f6postiosoitteesta sihteeri \u00e4t operaatiotutkimus.fi.<\/p>\n","protected":false},"excerpt":{"rendered":"<p>Yhteystiedot Suomen Operaatiotutkimusseura ryJokiniementie 48 B 9600650 HelsinkiFinland \u00a0 Seuran Sihteerin tavoitat s\u00e4hk\u00f6postiosoitteesta sihteeri \u00e4t operaatiotutkimus.fi.<\/p>\n","protected":false},"author":1,"featured_media":0,"parent":0,"menu_order":0,"comment_status":"closed","ping_status":"closed","template":"","meta":{"inline_featured_image":false,"footnotes":""},"class_list":["post-441","page","type-page","status-publish","hentry"],"_links":{"self":[{"href":"https:\/\/www.operaatiotutkimus.fi\/index.php\/wp-json\/wp\/v2\/pages\/441","targetHints":{"allow":["GET"]}}],"collection":[{"href":"https:\/\/www.operaatiotutkimus.fi\/index.php\/wp-json\/wp\/v2\/pages"}],"about":[{"href":"https:\/\/www.operaatiotutkimus.fi\/index.php\/wp-json\/wp\/v2\/types\/page"}],"author":[{"embeddable":true,"href":"https:\/\/www.operaatiotutkimus.fi\/index.php\/wp-json\/wp\/v2\/users\/1"}],"replies":[{"embeddable":true,"href":"https:\/\/www.operaatiotutkimus.fi\/index.php\/wp-json\/wp\/v2\/comments?post=441"}],"version-history":[{"count":6,"href":"https:\/\/www.operaatiotutkimus.fi\/index.php\/wp-json\/wp\/v2\/pages\/441\/revisions"}],"predecessor-version":[{"id":1525,"href":"https:\/\/www.operaatiotutkimus.fi\/index.php\/wp-json\/wp\/v2\/pages\/441\/revisions\/1525"}],"wp:attachment":[{"href":"https:\/\/www.operaatiotutkimus.fi\/index.php\/wp-json\/wp\/v2\/media?parent=441"}],"curies":[{"name":"wp","href":"https:\/\/api.w.org\/{rel}","templated":true}]}}