{"id":438,"date":"2018-06-19T11:32:47","date_gmt":"2018-06-19T08:32:47","guid":{"rendered":"http:\/\/www.operaatiotutkimus.fi\/?page_id=438"},"modified":"2026-01-12T14:21:22","modified_gmt":"2026-01-12T12:21:22","slug":"kannatusjasenyys","status":"publish","type":"page","link":"https:\/\/www.operaatiotutkimus.fi\/index.php\/kannatusjasenyys\/","title":{"rendered":"Kannatussponsorointi"},"content":{"rendered":"\n<h3 class=\"wp-block-heading\">Sponsorointi \u2013 ohjeet yhteisty\u00f6st\u00e4 kiinnostuneille<\/h3>\n\n\n\n<p>Seuramme hakee sponsoreita <strong>yksitt\u00e4isiin tapahtumiin ja projekteihin<\/strong>. Yhteisty\u00f6 on kertaluonteista ja joustavaa, eik\u00e4 edellyt\u00e4 jatkuvaa kannatusj\u00e4senyytt\u00e4. Yksitt\u00e4isen tapahtuman sponsorointi on usein yrityksille helppo tapa olla mukana tukemassa toimintaamme ja samalla saada n\u00e4kyvyytt\u00e4 kohderyhm\u00e4ss\u00e4mme.<\/p>\n\n\n\n<h3 class=\"wp-block-heading\">Miten voit olla mukana sponsorina?<\/h3>\n\n\n\n<p>Voit sponsoroida:<\/p>\n\n\n\n<ul class=\"wp-block-list\">\n<li><strong>yksitt\u00e4ist\u00e4 tapahtumaa<\/strong> (esim. seminaari, ty\u00f6paja, juhlatilaisuus), tai<\/li>\n\n\n\n<li><strong>seuran toimintaa yleisemmin<\/strong> (kohdistetaan ajankohtaiseen tapahtumaan tai toimintaan).<\/li>\n<\/ul>\n\n\n\n<p>Sponsorointi voi olla rahallista tai tapauskohtaisesti my\u00f6s esimerkiksi tarjoiluihin tai materiaaleihin kohdistuvaa tukea. Rahallisen sponsoroinnin suuruus on 100-1500\u20ac. Havainnollistavina esimerkkein\u00e4:<\/p>\n\n\n\n<ul class=\"wp-block-list\">\n<li>Seminaarin kahvitarjoilujen sponsorointi 200 eurolla<\/li>\n\n\n\n<li>Seminaarin puhujan matkakulujen sponsorointi 100 eurolla<\/li>\n\n\n\n<li>Ekskursion tarjoaminen seuran j\u00e4senille<\/li>\n<\/ul>\n\n\n\n<h3 class=\"wp-block-heading\">Miten sponsorointi voi n\u00e4ky\u00e4?<\/h3>\n\n\n\n<p>Sponsoroinnin n\u00e4kyvyys sovitaan tapauskohtaisesti. Mahdollisia esimerkkej\u00e4:<\/p>\n\n\n\n<ul class=\"wp-block-list\">\n<li>yrityksen logo tapahtuman verkkosivuilla<\/li>\n\n\n\n<li>maininta tapahtuman markkinointiviestinn\u00e4ss\u00e4<\/li>\n\n\n\n<li>logo tai nimi esityskalvolla tapahtumassa<\/li>\n\n\n\n<li>suullinen kiitos tapahtuman alussa<\/li>\n\n\n\n<li>yrityksen nimen yhteys tiettyyn osioon (esim. \u201dKahvit tarjoaa X\u201d)<\/li>\n<\/ul>\n\n\n\n<p>N\u00e4kyvyyden laajuus riippuu tapahtumasta ja sponsoroinnin tasosta.<\/p>\n\n\n\n<h3 class=\"wp-block-heading\">Yhteydenotto<\/h3>\n\n\n\n<p>Ota meihin yhteytt\u00e4 s\u00e4hk\u00f6postitse sihteeri@operaatiotutkimus.fi. Johtokunta on yhteydess\u00e4 kaikkiin sponsoriehdotuksiin ja sopii yksityiskohdista tapahtumakohtaisesti.<\/p>\n\n\n\n<p>Jotta voimme k\u00e4sitell\u00e4 sponsorointiehdotuksen sujuvasti, pyyd\u00e4mme sis\u00e4llytt\u00e4m\u00e4\u00e4n viestiin seuraavat tiedot:<\/p>\n\n\n\n<ol class=\"wp-block-list\">\n<li><strong>Yrityksen \/ organisaation nimi ja yhteyshenkil\u00f6<\/strong><\/li>\n\n\n\n<li><strong>Mit\u00e4 haluat sponsoroida<\/strong>\n<ul class=\"wp-block-list\">\n<li>tietty tapahtuma (mainitse tapahtuman nimi tai ajankohta), tai<\/li>\n\n\n\n<li>seuran toimintaa yleisesti<\/li>\n<\/ul>\n<\/li>\n\n\n\n<li><strong>Sponsoroinnin suuruus<\/strong>\n<ul class=\"wp-block-list\">\n<li>esimerkiksi eurom\u00e4\u00e4r\u00e4 tai arvioitu taso<\/li>\n<\/ul>\n<\/li>\n\n\n\n<li><strong>Toiveet sponsoroinnin n\u00e4kyvyydest\u00e4<\/strong>\n<ul class=\"wp-block-list\">\n<li>jos sinulla on erityisi\u00e4 toiveita, kerro niist\u00e4 (yll\u00e4 esimerkkej\u00e4)<\/li>\n<\/ul>\n<\/li>\n<\/ol>\n\n\n\n<p><\/p>\n\n\n\n<p><\/p>\n","protected":false},"excerpt":{"rendered":"<p>Sponsorointi \u2013 ohjeet yhteisty\u00f6st\u00e4 kiinnostuneille Seuramme hakee sponsoreita yksitt\u00e4isiin tapahtumiin ja projekteihin. Yhteisty\u00f6 on kertaluonteista ja joustavaa, eik\u00e4 edellyt\u00e4 jatkuvaa<\/p>\n<p class=\"readmore\"><a href=\"https:\/\/www.operaatiotutkimus.fi\/index.php\/kannatusjasenyys\/\" title=\"Read Kannatussponsorointi\">Read more &raquo;<\/a><\/p>\n","protected":false},"author":1,"featured_media":0,"parent":0,"menu_order":0,"comment_status":"closed","ping_status":"closed","template":"","meta":{"inline_featured_image":false,"footnotes":""},"class_list":["post-438","page","type-page","status-publish","hentry"],"_links":{"self":[{"href":"https:\/\/www.operaatiotutkimus.fi\/index.php\/wp-json\/wp\/v2\/pages\/438","targetHints":{"allow":["GET"]}}],"collection":[{"href":"https:\/\/www.operaatiotutkimus.fi\/index.php\/wp-json\/wp\/v2\/pages"}],"about":[{"href":"https:\/\/www.operaatiotutkimus.fi\/index.php\/wp-json\/wp\/v2\/types\/page"}],"author":[{"embeddable":true,"href":"https:\/\/www.operaatiotutkimus.fi\/index.php\/wp-json\/wp\/v2\/users\/1"}],"replies":[{"embeddable":true,"href":"https:\/\/www.operaatiotutkimus.fi\/index.php\/wp-json\/wp\/v2\/comments?post=438"}],"version-history":[{"count":8,"href":"https:\/\/www.operaatiotutkimus.fi\/index.php\/wp-json\/wp\/v2\/pages\/438\/revisions"}],"predecessor-version":[{"id":1537,"href":"https:\/\/www.operaatiotutkimus.fi\/index.php\/wp-json\/wp\/v2\/pages\/438\/revisions\/1537"}],"wp:attachment":[{"href":"https:\/\/www.operaatiotutkimus.fi\/index.php\/wp-json\/wp\/v2\/media?parent=438"}],"curies":[{"name":"wp","href":"https:\/\/api.w.org\/{rel}","templated":true}]}}